[INFO] cloning repository https://github.com/bcomb/hello-rust-raytracer
[INFO] running `Command { std: "git" "-c" "credential.helper=" "-c" "credential.helper=/workspace/cargo-home/bin/git-credential-null" "clone" "--bare" "https://github.com/bcomb/hello-rust-raytracer" "/workspace/cache/git-repos/https%3A%2F%2Fgithub.com%2Fbcomb%2Fhello-rust-raytracer", kill_on_drop: false }`
[INFO] [stderr] Cloning into bare repository '/workspace/cache/git-repos/https%3A%2F%2Fgithub.com%2Fbcomb%2Fhello-rust-raytracer'...
[INFO] running `Command { std: "git" "rev-parse" "HEAD", kill_on_drop: false }`
[INFO] [stdout] 382cc9533985d2d1bdcc3241c1e96936da44167e
[INFO] checking bcomb/hello-rust-raytracer against try#72f88fc4e9458f89516a0b8b0868f3718aec5b47 for pr-74989
[INFO] running `Command { std: "git" "clone" "/workspace/cache/git-repos/https%3A%2F%2Fgithub.com%2Fbcomb%2Fhello-rust-raytracer" "/workspace/builds/worker-5/source", kill_on_drop: false }`
[INFO] [stderr] Cloning into '/workspace/builds/worker-5/source'...
[INFO] [stderr] done.
[INFO] validating manifest of git repo https://github.com/bcomb/hello-rust-raytracer on toolchain 72f88fc4e9458f89516a0b8b0868f3718aec5b47
[INFO] running `Command { std: "/workspace/cargo-home/bin/cargo" "+72f88fc4e9458f89516a0b8b0868f3718aec5b47" "read-manifest" "--manifest-path" "Cargo.toml", kill_on_drop: false }`
[INFO] started tweaking git repo https://github.com/bcomb/hello-rust-raytracer
[INFO] finished tweaking git repo https://github.com/bcomb/hello-rust-raytracer
[INFO] tweaked toml for git repo https://github.com/bcomb/hello-rust-raytracer written to /workspace/builds/worker-5/source/Cargo.toml
[INFO] crate git repo https://github.com/bcomb/hello-rust-raytracer already has a lockfile, it will not be regenerated
[INFO] running `Command { std: "/workspace/cargo-home/bin/cargo" "+72f88fc4e9458f89516a0b8b0868f3718aec5b47" "fetch" "--locked" "--manifest-path" "Cargo.toml", kill_on_drop: false }`
[INFO] [stderr]  Downloading crates ...
[INFO] [stderr]   Downloaded rgb v0.8.12
[INFO] [stderr]   Downloaded lodepng v2.4.2
[INFO] running `Command { std: "docker" "create" "-v" "/var/lib/crater-agent-workspace/builds/worker-5/target:/opt/rustwide/target:rw,Z" "-v" "/var/lib/crater-agent-workspace/builds/worker-5/source:/opt/rustwide/workdir:ro,Z" "-v" "/var/lib/crater-agent-workspace/cargo-home:/opt/rustwide/cargo-home:ro,Z" "-v" "/var/lib/crater-agent-workspace/rustup-home:/opt/rustwide/rustup-home:ro,Z" "-e" "SOURCE_DIR=/opt/rustwide/workdir" "-e" "CARGO_TARGET_DIR=/opt/rustwide/target" "-e" "CARGO_HOME=/opt/rustwide/cargo-home" "-e" "RUSTUP_HOME=/opt/rustwide/rustup-home" "-w" "/opt/rustwide/workdir" "-m" "1610612736" "--user" "0:0" "--network" "none" "rustops/crates-build-env@sha256:d92eaeed33fa75130ca1ee6c8a01d1ffb62bac859dfdfb3450e3e5d1c0146529" "/opt/rustwide/cargo-home/bin/cargo" "+72f88fc4e9458f89516a0b8b0868f3718aec5b47" "metadata" "--no-deps" "--format-version=1", kill_on_drop: false }`
[INFO] [stdout] fde26777d927be0d139997fb41c316f8c9683fcabe0f3643b1a6a2ab0f3b6a99
[INFO] [stderr] WARNING: Your kernel does not support swap limit capabilities or the cgroup is not mounted. Memory limited without swap.
[INFO] running `Command { std: "docker" "start" "-a" "fde26777d927be0d139997fb41c316f8c9683fcabe0f3643b1a6a2ab0f3b6a99", kill_on_drop: false }`
[INFO] running `Command { std: "docker" "inspect" "fde26777d927be0d139997fb41c316f8c9683fcabe0f3643b1a6a2ab0f3b6a99", kill_on_drop: false }`
[INFO] running `Command { std: "docker" "rm" "-f" "fde26777d927be0d139997fb41c316f8c9683fcabe0f3643b1a6a2ab0f3b6a99", kill_on_drop: false }`
[INFO] [stdout] fde26777d927be0d139997fb41c316f8c9683fcabe0f3643b1a6a2ab0f3b6a99
[INFO] running `Command { std: "docker" "create" "-v" "/var/lib/crater-agent-workspace/builds/worker-5/target:/opt/rustwide/target:rw,Z" "-v" "/var/lib/crater-agent-workspace/builds/worker-5/source:/opt/rustwide/workdir:ro,Z" "-v" "/var/lib/crater-agent-workspace/cargo-home:/opt/rustwide/cargo-home:ro,Z" "-v" "/var/lib/crater-agent-workspace/rustup-home:/opt/rustwide/rustup-home:ro,Z" "-e" "SOURCE_DIR=/opt/rustwide/workdir" "-e" "CARGO_TARGET_DIR=/opt/rustwide/target" "-e" "CARGO_INCREMENTAL=0" "-e" "RUST_BACKTRACE=full" "-e" "RUSTFLAGS=--cap-lints=forbid" "-e" "CARGO_HOME=/opt/rustwide/cargo-home" "-e" "RUSTUP_HOME=/opt/rustwide/rustup-home" "-w" "/opt/rustwide/workdir" "-m" "1610612736" "--user" "0:0" "--network" "none" "rustops/crates-build-env@sha256:d92eaeed33fa75130ca1ee6c8a01d1ffb62bac859dfdfb3450e3e5d1c0146529" "/opt/rustwide/cargo-home/bin/cargo" "+72f88fc4e9458f89516a0b8b0868f3718aec5b47" "check" "--frozen" "--all" "--all-targets" "--message-format=json", kill_on_drop: false }`
[INFO] [stderr] WARNING: Your kernel does not support swap limit capabilities or the cgroup is not mounted. Memory limited without swap.
[INFO] [stdout] f14bc2fd1e301ae1e8ec9a02fc6503f8dd15aae9af28fd97828f2b95c4d993d5
[INFO] running `Command { std: "docker" "start" "-a" "f14bc2fd1e301ae1e8ec9a02fc6503f8dd15aae9af28fd97828f2b95c4d993d5", kill_on_drop: false }`
[INFO] [stderr]     Checking rand_core v0.4.0
[INFO] [stderr]    Compiling autocfg v0.1.2
[INFO] [stderr]    Compiling libc v0.2.48
[INFO] [stderr]     Checking rgb v0.8.12
[INFO] [stderr]    Compiling rand_pcg v0.1.1
[INFO] [stderr]     Checking rand_core v0.3.1
[INFO] [stderr]     Checking rand_jitter v0.1.3
[INFO] [stderr]     Checking rand_xorshift v0.1.1
[INFO] [stderr]     Checking rand_isaac v0.1.1
[INFO] [stderr]     Checking rand_hc v0.1.0
[INFO] [stderr]    Compiling rand_chacha v0.1.1
[INFO] [stderr]    Compiling rand v0.6.5
[INFO] [stderr]     Checking rand_os v0.1.2
[INFO] [stderr]     Checking lodepng v2.4.2
[INFO] [stderr]     Checking hello-rust v0.1.0 (/opt/rustwide/workdir)
[INFO] [stdout] warning: trait objects without an explicit `dyn` are deprecated
[INFO] [stdout]  --> src/core/sphere.rs:9:18
[INFO] [stdout]   |
[INFO] [stdout] 9 |     material: Rc<Material>
[INFO] [stdout]   |                  ^^^^^^^^ help: use `dyn`: `dyn Material`
[INFO] [stdout]   |
[INFO] [stdout]   = note: `#[warn(bare_trait_objects)]` on by default
[INFO] [stdout] 
[INFO] [stdout] 
[INFO] [stdout] warning: trait objects without an explicit `dyn` are deprecated
[INFO] [stdout]   --> src/core/sphere.rs:13:56
[INFO] [stdout]    |
[INFO] [stdout] 13 |     pub fn new(center: Vec3, radius: f32, material: Rc<Material>) -> Sphere {
[INFO] [stdout]    |                                                        ^^^^^^^^ help: use `dyn`: `dyn Material`
[INFO] [stdout] 
[INFO] [stdout] 
[INFO] [stdout] warning: trait objects without an explicit `dyn` are deprecated
[INFO] [stdout]  --> src/core/hitable.rs:9:23
[INFO] [stdout]   |
[INFO] [stdout] 9 |     pub material: &'a Material      // material of the hit surface
[INFO] [stdout]   |                       ^^^^^^^^ help: use `dyn`: `dyn Material`
[INFO] [stdout] 
[INFO] [stdout] 
[INFO] [stdout] warning: trait objects without an explicit `dyn` are deprecated
[INFO] [stdout]   --> src/core/hitable.rs:17:42
[INFO] [stdout]    |
[INFO] [stdout] 17 | pub fn closest_hit<'a>(list: &'a Vec<Box<Hitable>>,r: &Ray, tmin: f32, tmax: f32 ) -> Option<HitRecord<'a> > {
[INFO] [stdout]    |                                          ^^^^^^^ help: use `dyn`: `dyn Hitable`
[INFO] [stdout] 
[INFO] [stdout] 
[INFO] [stdout] warning: trait objects without an explicit `dyn` are deprecated
[INFO] [stdout]   --> src/main.rs:10:34
[INFO] [stdout]    |
[INFO] [stdout] 10 | fn compute_color(scene: &Vec<Box<Hitable>>, ray: &Ray, depth: i32) -> Vec3 {
[INFO] [stdout]    |                                  ^^^^^^^ help: use `dyn`: `dyn Hitable`
[INFO] [stdout] 
[INFO] [stdout] 
[INFO] [stdout] warning: trait objects without an explicit `dyn` are deprecated
[INFO] [stdout]   --> src/main.rs:30:30
[INFO] [stdout]    |
[INFO] [stdout] 30 | fn random_scene() -> Vec<Box<Hitable>> {
[INFO] [stdout]    |                              ^^^^^^^ help: use `dyn`: `dyn Hitable`
[INFO] [stdout] 
[INFO] [stdout] 
[INFO] [stdout] warning: trait objects without an explicit `dyn` are deprecated
[INFO] [stdout]   --> src/main.rs:31:29
[INFO] [stdout]    |
[INFO] [stdout] 31 |     let mut scene : Vec<Box<Hitable>> = Vec::with_capacity(500);
[INFO] [stdout]    |                             ^^^^^^^ help: use `dyn`: `dyn Hitable`
[INFO] [stdout] 
[INFO] [stdout] 
[INFO] [stdout] warning: trait objects without an explicit `dyn` are deprecated
[INFO] [stdout]  --> src/core/sphere.rs:9:18
[INFO] [stdout]   |
[INFO] [stdout] 9 |     material: Rc<Material>
[INFO] [stdout]   |                  ^^^^^^^^ help: use `dyn`: `dyn Material`
[INFO] [stdout]   |
[INFO] [stdout]   = note: `#[warn(bare_trait_objects)]` on by default
[INFO] [stdout] 
[INFO] [stdout] 
[INFO] [stdout] warning: trait objects without an explicit `dyn` are deprecated
[INFO] [stdout]   --> src/core/sphere.rs:13:56
[INFO] [stdout]    |
[INFO] [stdout] 13 |     pub fn new(center: Vec3, radius: f32, material: Rc<Material>) -> Sphere {
[INFO] [stdout]    |                                                        ^^^^^^^^ help: use `dyn`: `dyn Material`
[INFO] [stdout] 
[INFO] [stdout] 
[INFO] [stdout] warning: trait objects without an explicit `dyn` are deprecated
[INFO] [stdout]  --> src/core/hitable.rs:9:23
[INFO] [stdout]   |
[INFO] [stdout] 9 |     pub material: &'a Material      // material of the hit surface
[INFO] [stdout]   |                       ^^^^^^^^ help: use `dyn`: `dyn Material`
[INFO] [stdout] 
[INFO] [stdout] 
[INFO] [stdout] warning: trait objects without an explicit `dyn` are deprecated
[INFO] [stdout]   --> src/core/hitable.rs:17:42
[INFO] [stdout]    |
[INFO] [stdout] 17 | pub fn closest_hit<'a>(list: &'a Vec<Box<Hitable>>,r: &Ray, tmin: f32, tmax: f32 ) -> Option<HitRecord<'a> > {
[INFO] [stdout]    |                                          ^^^^^^^ help: use `dyn`: `dyn Hitable`
[INFO] [stdout] 
[INFO] [stdout] 
[INFO] [stdout] warning: trait objects without an explicit `dyn` are deprecated
[INFO] [stdout]   --> src/main.rs:10:34
[INFO] [stdout]    |
[INFO] [stdout] 10 | fn compute_color(scene: &Vec<Box<Hitable>>, ray: &Ray, depth: i32) -> Vec3 {
[INFO] [stdout]    |                                  ^^^^^^^ help: use `dyn`: `dyn Hitable`
[INFO] [stdout] 
[INFO] [stdout] 
[INFO] [stdout] warning: trait objects without an explicit `dyn` are deprecated
[INFO] [stdout]   --> src/main.rs:30:30
[INFO] [stdout]    |
[INFO] [stdout] 30 | fn random_scene() -> Vec<Box<Hitable>> {
[INFO] [stdout]    |                              ^^^^^^^ help: use `dyn`: `dyn Hitable`
[INFO] [stdout] 
[INFO] [stdout] 
[INFO] [stdout] warning: trait objects without an explicit `dyn` are deprecated
[INFO] [stdout]   --> src/main.rs:31:29
[INFO] [stdout]    |
[INFO] [stdout] 31 |     let mut scene : Vec<Box<Hitable>> = Vec::with_capacity(500);
[INFO] [stdout]    |                             ^^^^^^^ help: use `dyn`: `dyn Hitable`
[INFO] [stdout] 
[INFO] [stdout] 
[INFO] [stdout] warning: 7 warnings emitted
[INFO] [stdout] 
[INFO] [stdout] 
[INFO] [stdout] error[E0599]: no function or associated item named `lerp` found for struct `vec3::Vec3` in the current scope
[INFO] [stdout]    --> src/core/vec3.rs:275:22
[INFO] [stdout]     |
[INFO] [stdout] 7   | pub struct Vec3 {
[INFO] [stdout]     | --------------- function or associated item `lerp` not found for this
[INFO] [stdout] ...
[INFO] [stdout] 275 |     assert_eq!(Vec3::lerp(&a,&b,0.0), lerp_0);
[INFO] [stdout]     |                      ^^^^ function or associated item not found in `vec3::Vec3`
[INFO] [stdout] 
[INFO] [stdout] 
[INFO] [stdout] error[E0599]: no function or associated item named `lerp` found for struct `vec3::Vec3` in the current scope
[INFO] [stdout]    --> src/core/vec3.rs:276:22
[INFO] [stdout]     |
[INFO] [stdout] 7   | pub struct Vec3 {
[INFO] [stdout]     | --------------- function or associated item `lerp` not found for this
[INFO] [stdout] ...
[INFO] [stdout] 276 |     assert_eq!(Vec3::lerp(&a,&b,0.5), lerp_05);
[INFO] [stdout]     |                      ^^^^ function or associated item not found in `vec3::Vec3`
[INFO] [stdout] 
[INFO] [stdout] 
[INFO] [stdout] error[E0599]: no function or associated item named `lerp` found for struct `vec3::Vec3` in the current scope
[INFO] [stdout]    --> src/core/vec3.rs:277:22
[INFO] [stdout]     |
[INFO] [stdout] 7   | pub struct Vec3 {
[INFO] [stdout]     | --------------- function or associated item `lerp` not found for this
[INFO] [stdout] ...
[INFO] [stdout] 277 |     assert_eq!(Vec3::lerp(&a,&b,1.0), lerp_1);
[INFO] [stdout]     |                      ^^^^ function or associated item not found in `vec3::Vec3`
[INFO] [stdout] 
[INFO] [stdout] 
[INFO] [stdout] error: aborting due to 3 previous errors; 7 warnings emitted
[INFO] [stdout] 
[INFO] [stdout] 
[INFO] [stdout] For more information about this error, try `rustc --explain E0599`.
[INFO] [stdout] 
[INFO] [stderr] error: could not compile `hello-rust`.
[INFO] [stderr] 
[INFO] [stderr] To learn more, run the command again with --verbose.
[INFO] running `Command { std: "docker" "inspect" "f14bc2fd1e301ae1e8ec9a02fc6503f8dd15aae9af28fd97828f2b95c4d993d5", kill_on_drop: false }`
[INFO] running `Command { std: "docker" "rm" "-f" "f14bc2fd1e301ae1e8ec9a02fc6503f8dd15aae9af28fd97828f2b95c4d993d5", kill_on_drop: false }`
[INFO] [stdout] f14bc2fd1e301ae1e8ec9a02fc6503f8dd15aae9af28fd97828f2b95c4d993d5
